common factor of z and 29?
29
Let m be (-4)/(-10) + 4/(-10). Let w = 10 + -11. Let d be (-11 - (m - -2))*w. Calculate the highest common factor of 117 and d.
13
Suppose -7*j + 2*j + 75 = 0. Let t = j - 9. Let b = 38 + -8. Calculate the greatest common factor of t and b.
6
Suppose 0 = 3*r + r. Let y = 5 + r. Let o(u) = 36*u**2 - 1. Let g be o(1). Calculate the greatest common divisor of y and g.
5
Suppose 0*q + 2*q = 0. Suppose -5*z + 3*p + 57 + 6 = 0, 5*p - 20 = q. Let m(h) = -2*h - 7. Let y be m(-5). What is the greatest common divisor of y and z?
3
Let t(x) = 69*x**2 + 3*x - 1. Let f be t(3). Let a = f - 436. Let o = a + -98. What is the greatest common divisor of o and 19?
19
Let o(s) = s**2 + 5*s - 2. Let h = 15 + -22. Let u be o(h). Calculate the highest common divisor of u and 18.
6
Let m(r) = -2*r**3 + 7*r**2 + 3*r - 7. Let v be m(3). Calculate the greatest common factor of 220 and v.
11
Let q(i) = i**2 - 3*i - 3. Let k be q(5). Calculate the highest common factor of k and 56.
7
Suppose 126 = -0*x + 2*x. Suppose 3*g + 7 = -2, 3*g = 2*l - 27. What is the greatest common factor of x and l?
9
Let d = -170 - -263. Calculate the greatest common factor of 62 and d.
31
Let m(o) = 79*o**3 - o. Let w be m(-1). Let x = -48 - w. Calculate the greatest common divisor of 6 and x.
6
Let t(s) = -s**2 + 11*s - 9. Let g be t(10). What is the greatest common factor of g and 1?
1
Suppose 0 = -p + 4*j + 5, 8 = 4*p + j - 29. Let s = 15 - p. What is the highest common divisor of 2 and s?
2
Suppose -3*d - 3*o - 2*o + 215 = 0, 3*o = 3*d - 255. Let s be (-1 - (-11 - -1)) + -1. Calculate the greatest common factor of s and d.
8
Suppose -2*c + 20 = -5*n - 7*c, -2*n - 1 = -5*c. Let q = n - -9. Let u be (q + -7)*(-5 - -1). Calculate the highest common divisor of 40 and u.
4
Let u = -12 - -21. Suppose 0 = 4*y - u*y + 340. Suppose 4*m = 2*k + y, -4*k - k = -4*m + 80. What is the greatest common factor of m and 10?
5
Let j(u) = -u + 12. Let s be j(10). Let o = -6 + s. Let p be 24*(1 - (-2)/o). What is the greatest common factor of p and 6?
6
Let j(v) = 2*v + 3. Let l be j(-8). Let y = 23 + l. Calculate the greatest common factor of y and 4.
2
Let l(s) = 2*s - 13. Let n be l(12). What is the greatest common factor of n and 1?
1
Let m = -1 - -17. Let t be 27*(-3 + 4) + -3. What is the highest common divisor of m and t?
8
Suppose -b + 18 = 5*b. What is the highest common divisor of b and 5?
1
Let x = -5 - -14. Let b = x + -8. What is the greatest common divisor of b and 9?
1
Let y(k) = -k**2 + 22*k - 77. Let a be y(15). What is the highest common divisor of 154 and a?
14
Let f = 45 - 15. What is the highest common divisor of 20 and f?
10
Let i(b) = b**2 + 9*b + 8. Let s be i(-12). Let n = -4 - -8. What is the greatest common divisor of n and s?
4
Suppose -5*p - 4 = -14. Let r = 2 - 0. Suppose 0 = -5*u - r + 27, -5*x = -2*u - 30. What is the highest common factor of x and p?
2
Suppose -3*j + 0*j - 509 = -5*w, 3*j + 109 = w. What is the highest common factor of 20 and w?
20
Let l = -1 + 3. Suppose l*h + 1 = 3*h. Calculate the greatest common factor of 9 and h.
1
Suppose 5*k - 372 = 4*d, 4*d = 5*k + 6*d - 354. What is the greatest common factor of 8 and k?
8
Suppose -4*d = -4*k - 4, 0 = -4*d - 2*k + 20 + 14. Let t be (-2)/3 - (-124)/d. Calculate the greatest common factor of t and 8.
4
Let o = 163 - 93. Let t(u) = 8*u + 0 + 0 + 1 - 5. Let n be t(4). Calculate the highest common divisor of n and o.
14
Let h be -5 - (5 + -36 + -3). Calculate the highest common factor of 58 and h.
29
Let p(v) = v + 2. Let a be p(6). Calculate the greatest common factor of 8 and a.
8
Suppose 6*r - 2*r - 264 = 0. Suppose -r = -2*a + 18. Let j(n) = 14*n. Let u be j(1). What is the greatest common factor of u and a?
14
Let p(a) = 131*a + 1. Let f be p(-1). Let o = -2 - f. Calculate the highest common divisor of 16 and o.
16
Suppose -3*t = r - 30, -5*r - 3*t + 192 = -2*t. Let o be r - (-3 + -1 + 1). Calculate the greatest common factor of 6 and o.
6
Suppose -3*p = 5*v - 330, 4*p + 0*p - 5*v - 440 = 0. Calculate the highest common divisor of 275 and p.
55
Suppose -3 = 5*n + 4*j, 0 = -5*n + 2*j - 0*j + 9. Let m(o) = 49*o**2 - 1. Let y be m(n). Calculate the highest common divisor of 32 and y.
16
Suppose 5*i - 115 = -5*f, -2*i + 5*f + 6 + 5 = 0. Calculate the highest common factor of i and 6.
6
Suppose -5*q + 795 = -5*p, 0 = -5*p + q - 1025 + 226. Let g = -6 - p. Let m(b) = 13*b**2 + b. Let l be m(1). Calculate the greatest common divisor of l and g.
14
Let g be (308/(-6))/(((-6)/(-9))/(-1)). Calculate the greatest common factor of g and 11.
11
Suppose 29 = 2*j - 5*d - 21, 3*d - 96 = -3*j. Calculate the highest common divisor of j and 45.
15
Let i be 192*(-3)/24*-6. Calculate the greatest common factor of 16 and i.
16
Suppose -3*k - k = -352. Let i = 35 - 27. What is the greatest common divisor of i and k?
8
Let m = -28 + 32. Calculate the greatest common divisor of 14 and m.
2
Let i = 32 - 0. Calculate the greatest common divisor of 4 and i.
4
Suppose 0 = -n - 2*n + u + 45, -2*u - 74 = -5*n. Calculate the highest common factor of n and 8.
8
Suppose 0 = 2*g - 2*y - 56, 4*g + 2*y - 5*y = 117. Let o be (0 + -2)/((-2)/110). Suppose -2*h + o = 3*h. What is the highest common divisor of h and g?
11
Let w(f) = f**3 + 7*f**2 - 5*f + 10. Let t be w(-7). What is the greatest common divisor of t and 18?
9
Suppose 5*u + 4*g = 434, -5*u + 446 = -3*g + 4*g. Let m(z) = z + 2. Let n be m(8). What is the highest common factor of u and n?
10
Let w be 0/(4 - (1 - -1)). Suppose 4*r - k + w*k - 12 = 0, 0 = -3*k. Suppose 2*m + 35 = r*m. Calculate the highest common divisor of m and 7.
7
Let f(m) = 2*m**2 + 39*m - 14. Let t be f(-20). Calculate the greatest common divisor of t and 24.
6
Let h = -2 + 14. Let o = -5 + h. Let p be (-251)/(-4) + (-1)/(-4). What is the greatest common divisor of o and p?
7
Let v be (-3 - (-1 - 5)) + 0. Let y be v/(-9) - (-14)/6. Calculate the highest common divisor of y and 22.
2
Suppose 4*h - 13 - 15 = 0. Let y be 111/15 + 6/(-15). Calculate the highest common factor of h and y.
7
Suppose -5 = 4*c - 25. Let x = -138 - -193. Calculate the highest common factor of c and x.
5
Let m be (1/((-1)/(-12)))/1. Suppose 2*v - 2*o = -0*v + m, -5*o + 33 = 4*v. Calculate the greatest common divisor of 49 and v.
7
Suppose 3*c = 97 - 13. Calculate the greatest common divisor of 168 and c.
28
Let i = -46 - -54. Calculate the highest common factor of i and 16.
8
Let x(s) = -s**2 - 6*s + 4. Let h be x(-6). Suppose 2*o = -k + 2*k + 1, 14 = o + h*k. Suppose 28 = 4*i - 2*i. What is the greatest common divisor of i and o?
2
Suppose 0 = 3*z + c + 14, -6*c = -2*c - 16. Let m be 6 - 4 - (z - -1). Let j = m - -5. Calculate the highest common factor of 18 and j.
6
Suppose -46 = -5*m + 119. Let q = -17 + m. Calculate the greatest common factor of q and 128.
16
Let w(x) = x**3 - 17*x**2 + 16*x + 21. Let s be w(16). What is the highest common divisor of 7 and s?
7
Let t be (-7)/3*-3 - -1. Suppose -5*c - 48 = -8*c. Calculate the highest common divisor of t and c.
8
Suppose 6*k - k = 45. What is the greatest common divisor of 9 and k?
9
Let c = -95 + 172. What is the highest common factor of 7 and c?
7
Suppose -8 = -2*d - 0. What is the highest common factor of d and 2?
2
Let o be (-36)/(-15)*(-20)/(-4). What is the greatest common divisor of 18 and o?
6
Suppose -h = -5*g + 2, -2*h = 2*h + 5*g - 17. Suppose h*j - 8 = -j + 2*r, 2 = -r. What is the highest common divisor of 1 and j?
1
Suppose -q + 20 = 84. Let l = q - -104. Calculate the highest common divisor of l and 100.
20
Let y be (-2)/4 + (-213)/6. Let b be (-2 - y) + -1 + 1. Suppose 0 = -2*a - 4*c + 56, c = -2*a + 7 + b. What is the greatest common divisor of 162 and a?
18
Let p = -99 - -179. Suppose r - 6 = -4*b, -2*r - 5*b + 18 = -3*b. What is the greatest common factor of r and p?
10
Let m(c) = 15*c**2 + c. Let w be m(-3). Suppose 2*j = 3 - 17. Let i(o) = -o**2 - 10*o - 9. Let p be i(j). What is the highest common factor of p and w?
12
Suppose 3*r - 5*a - 90 = -2*r, 0 = -2*r + a + 36. What is the greatest common divisor of 90 and r?
18
Suppose -i = -2*c - 4 + 2, -3*i = -3*c - 15. Calculate the highest common factor of i and 40.
8
Let d = -81 + 145. Suppose d = 3*